ded by 29?
2
Let j(c) = -c**3 - 8*c**2 + 11*c - 2. Let o be j(-8). Let n = -49 - o. Calculate the remainder when n is divided by 11.
8
Suppose 108*u + 171*u = -28*u + 293185. What is the remainder when u is divided by 29?
27
Let v be (-2 - -6) + 3*48/(-18). Suppose 0 = -2*i - 3*r + 12, -2*r = 2*i - 0*r - 10. Calculate the remainder when v/(-38) + (-1134)/(-57) + -10 is divided by i.
1
Let p(b) = 9*b - 183. Let d be (-58)/(-2) + -3 + -4. Calculate the remainder when 38 is divided by p(d).
8
Suppose 4*j = 2*z + 3*z - 30, 2*z - 2*j = 14. Suppose 0 = 8*f - 5*f - z*y - 15, 2*f = 3*y + 15. What is the remainder when 4 is divided by f?
1
Let v = 978 - 979. Let c(j) = -8*j**3 - 3*j**2 - 5*j - 3. Calculate the remainder when 160/3 - 2/(-3) is divided by c(v).
5
Suppose n + 2*g - 149 = 0, -26*n + 27*n - 4*g = 113. Calculate the remainder when 1224 is divided by n.
128
Let a(r) be the first derivative of -r**4/4 + 14*r**3/3 + 7*r**2 + 22*r + 92. What is the remainder when 39 is divided by a(15)?
4
Let v(u) = u**3 - 7*u**2 - 29*u - 6. Let q be v(10). Suppose -q*t = -65 - 123. Calculate the remainder when 131 is divided by t.
37
Calculate the remainder when 116 is divided by 364/((-35)/5)*7/(-28).
12
Let r be 5/5*(-308 - 1). Let c = 361 + r. Calculate the remainder when 142 is divided by c.
38
Suppose 8*k - 3*k + 5*z - 15 = 0, -4*k = -5*z - 57. Suppose 1066 = 17*n - 413. Calculate the remainder when n is divided by (-33)/((-4)/(k/3)).
21
Suppose -i - m = -4*m, 11 = 4*i - m. Suppose 4 = 2*k, 0 = -9*u + 4*u + i*k - 306. Calculate the remainder when 30/u - ((-258)/4 + 0) is divided by 34.
30
Let l = 298 + -294. Suppose l*a + i = 5*a - 59, i = 4. What is the remainder when a is divided by 18?
9
Suppose -37*q + 2*s = -42*q + 918, 0 = -5*q - s + 914. What is the remainder when q is divided by 177?
5
Let w(a) = 2*a**3 + a**2 - 2*a - 3. Suppose 4*q + 12 = 0, 2*x + 4*q - 324 = -0*x. What is the remainder when (150/(-8) + 0)/((-63)/x) is divided by w(2)?
11
Let z = -185 - -94. Let p be (z/2)/((-2)/(-4)*1). Let h = 155 + p. What is the remainder when h is divided by 33?
31
Let s(f) = -1 + 25 - 8*f + 18 + 3*f**2 - 3 - 8. What is the remainder when 203 is divided by s(3)?
33
Suppose 10*z + 2502 = 2282. Let r(c) = -15*c - 6. Let k be r(-5). Let g = k + z. Calculate the remainder when g is divided by 8.
7
Suppose -k + s - 2 = 0, 2*k + 3*k - 4*s + 10 = 0. Let x be (k/3)/((-28)/36 + 1). What is the remainder when 64 is divided by ((-10)/15)/(x/99)?
20
Let m(t) = -t**3 + 9*t**2 - 12*t + 25. Let d be 4 + 0 + 1 + (-4 - -5). Let v = -77 - -109. Calculate the remainder when m(d) is divided by v.
29
Let i(t) = 8*t**2 - 515*t - 1024. Suppose -d - 132 = -2*d. Suppose 5*x - 433 = d. Calculate the remainder when x is divided by i(-2).
37
Let n = -30260 + 30273. Calculate the remainder when 84 is divided by n.
6
Let a(z) = 7*z**2 + 11*z - 32. Let v(o) = 2*o**3 - 7*o**2 - 11*o + 30. Let b be v(4). Calculate the remainder when 64 is divided by a(b).
10
Let m = 54 + -49. Suppose -4*s + 30 = u - 143, -m*s - 2*u + 217 = 0. Calculate the remainder when s is divided by 11 + 8/(-4) + 2.
10
Let j be 11 - (1 + 6 + 0). Let g(v) = 31*v - 96. Calculate the remainder when 52 is divided by g(j).
24
Let u = 6022 + -5129. Calculate the remainder when u is divided by 82.
73
Let y(c) = 50*c**2 - 4*c - 3. Let f be y(-1). Let b = -41 + f. Calculate the remainder when 79 is divided by b.
9
Suppose 0 = 58*q + 68566 + 106. Let c = -1171 - q. Let l = -2 + 38. What is the remainder when l is divided by c?
10
Suppose -6*s - 5*s = -22. Suppose 4*p = v - 6, -5*v - s*p = -10 + 46. Calculate the remainder when 152 is divided by ((-111)/v - 3)/(3/6).
28
What is the remainder when 268 is divided by 48/(-60)*(-615)/6?
22
Let j(x) = -x**3 - 10*x**2 + 57*x - 3. What is the remainder when 171 is divided by j(4)?
0
Let c(t) = -t**3 - 12*t**2 - 28*t - 38. Suppose -22*d + 46 = -20*d. Calculate the remainder when c(-10) is divided by d.
19
Let l = 54 + -57. Calculate the remainder when 189 is divided by l - (-70)/(1 - -1).
29
Suppose -372 = -2*z + 2*m, m = 5*z + 447 - 1393. What is the remainder when 938 is divided by z?
178
Let x be (19 - (-1 + 8)) + -5. Suppose 2*l = -5*w + 41, -5*l + 3*w = 2*w - 62. Calculate the remainder when (1/x)/(7/1519) is divided by l.
5
Let a be (-2)/7 + 30510/210. Suppose 35 + a = 4*z. What is the remainder when 177 is divided by z?
42
Let z(b) = -16*b + 3. Let d = -219 + 264. Suppose -3*w - d = -153. Calculate the remainder when z(-4) is divided by w.
31
Let j be (-26)/(-1 - -4 - 5). Suppose 2*d = 4*r + 26, 3*d - j - 46 = r. What is the remainder when d is divided by 9?
3
Suppose 28 = 4*r + o - 194, 278 = 5*r + o. Suppose -42*l = -60*l + 15210. Let q = l + -830. What is the remainder when r is divided by q?
11
Suppose 0 = l - p - 5822, -34*p + 35*p - 7 = 0. What is the remainder when l is divided by 110?
109
Suppose 0 = 2*p - 16 + 6. Suppose 3*q + 311 = r - p*r, -5*r = 4*q + 413. Let u = q - -192. What is the remainder when u is divided by 14?
11
Suppose 9*t = 31*t - 11088. Let h = t + -474. Calculate the remainder when 131 is divided by h.
11
Let s(b) = b**3 - 55*b**2 - 104*b + 784. What is the remainder when s(57) is divided by 28?
10
Suppose 10*s + 32*s - 14937 = 3*s. Calculate the remainder when s is divided by 30.
23
Let f(q) = -43*q**3 - 1. Let i be 2*2/(-12)*(1 - -2). Let v be f(i). Calculate the remainder when -123*(v/(-9))/7 is divided by 28.
26
Let o(f) be the third derivative of -f**6/120 - f**5/20 + 2*f**4 + 11*f**3/6 + 138*f**2. Calculate the remainder when 125 is divided by o(-9).
60
Let t(b) = b**2 + 19*b + 52. Let o(v) = v**2 - 3*v + 6. Let g be o(6). Let w be (2 - g) + 0/(-4). What is the remainder when t(w) is divided by 24?
22
Suppose i - 13*i = -696. Suppose 674*b - 676*b = -i. What is the remainder when 142 is divided by b?
26
Suppose 18 = -5*h - 2, -41 = -v + 5*h. Suppose 861 = v*j - 147. Calculate the remainder when j is divided by 23.
2
Let b(x) = 15*x**2 - 3*x - 1. Suppose 2*k - 19*k - 17*k + 3910 = 0. Calculate the remainder when k is divided by b(-2).
50
Let w = -63 - -37. Let h = 9 - w. Suppose 2*k - 40 = -2*i, 5*k + 3*i = 3*k + 42. What is the remainder when h is divided by k?
17
Let k = 320 + -294. What is the remainder when 42 is divided by k?
16
Let u = 11907 + -11649. Calculate the remainder when u is divided by 135.
123
Calculate the remainder when 655 is divided by (833/(-70) + 12)/((-1)/(-190)).
9
Suppose -16*p + 19 + 525 = -384. What is the remainder when 99 is divided by p?
41
Let y = 42 - 25. Suppose -7*n + 4*n = -105. Let a = 14 + n. Calculate the remainder when a is divided by y.
15
Suppose -1524 + 284 = -4*h - 2*j, -2*h - 5*j + 628 = 0. Let k = h + -302. Calculate the remainder when 104 is divided by k.
6
Let i(m) = 21*m**2. Let p be i(1). Suppose p*y + 81 = 48*y. What is the remainder when 43 is divided by y?
1
Let y(h) = 6*h + 4. Let p = 6708 - 4324. Suppose 25*a = 41*a - p. Calculate the remainder when a is divided by y(3).
17
What is the remainder when 15373 is divided by 8316/270 - ((-17)/255)/((-1)/(-3))?
28
Suppose -6*d - 573 = -43*d + 1314. What is the remainder when 62 is divided by d?
11
Suppose 2*w + 104 = -5*i, 0*w + w - 2*i + 52 = 0. Let b = -3 - w. Calculate the remainder when 97 is divided by b.
48
Let k be ((-2)/3)/((-56)/(-756)). Suppose 4*t = -0*t - 4*m + 52, 2*t = -4*m + 26. Calculate the remainder when (k/6)/(12/(-1232)) is divided by t.
11
Let o(p) = 5*p + 1342. Calculate the remainder when o(-19) is divided by 38.
31
Let i be (10/(-4) + 4)*(14 + 0). Let h(b) = b - 19. Let o be h(i). Suppose -8*t + o*t = -126. Calculate the remainder when 62 is divided by t.
20
Let c(s) = -12*s - 14. Let m be c(8). Let d = m + 142. What is the remainder when 126 is divided by d?
30
Suppose 163*z = 52*z - 159*z + 230040. Calculate the remainder when z is divided by 12.
0
Let v(b) = 4824 + 4*b**3 + 3*b**3 - b - 3*b**3 - 3*b**2 - 4825 + 2*b**2. Let h be 6/4 - (-1)/2. What is the remainder when 98 is divided by v(h)?
23
Suppose -6*p - 48 = -2*p. Let y = p - -34. Suppose -2*i - 322 = -233*o + 228*o, -4*o + 2*i + 260 = 0. What is the remainder when o is divided by y?
18
Let p(y) = -2*y + 84. Let r be (-1 + 0)*(9 + -18). Suppose b - r = -2*o, o + 2 = 